5*h, l*g - 968 = 2*h. What are the prime factors of g?
2, 3
Suppose 2*d = -2*r + 757 + 7477, -7*d + 7 = 0. What are the prime factors of r?
2, 3, 7
Let o = 2965 + 1449. List the prime factors of o.
2, 2207
Suppose -3*w = 4*u - 10 - 4, 2*u - 2*w = 14. Suppose u*s + 45 = 2*d - d, -4*s = -12. Let m = 166 - d. What are the prime factors of m?
2, 53
Let d(b) = 676*b - 1217. What are the prime factors of d(6)?
17, 167
Suppose -3*m + 2385 + 10444 = 2*z, -4*z + 8 = 0. List the prime factors of m.
3, 5, 19
Let d = -6716 + 19340. What are the prime factors of d?
2, 3, 263
Let q(g) = 17*g**2 - 6*g - 13. Suppose 4*h = -5*z - 3, -h = -5*h - 4*z. Suppose -3*y - y = -b + 13, -y + 13 = h*b. What are the prime factors of q(y)?
67
Let g(l) = l**3 - 18*l**2 + 10*l + 17. Let k be (1/(-2))/((3/(-3))/10). Suppose -d + k + 13 = 0. List the prime factors of g(d).
197
Let b(t) = -9*t**2 - 8*t - 12. Let a be b(-2). What are the prime factors of 4860/11 + a/(-176)?
2, 13, 17
Let u(b) = 85*b**2 - 3371*b - 2. What are the prime factors of u(46)?
2, 3, 1033
Let h = 1816 + -1487. List the prime factors of h.
7, 47
Suppose 0 = 5*k, u - 5*u + u + 4*k = 0. Let y be (12/16)/((-2)/(-8)). Suppose -8*o + y*o + 1005 = u. List the prime factors of o.
3, 67
Suppose -19725*b + 409039 + 143453 = -19713*b. What are the prime factors of b?
3, 103, 149
Suppose -17*u = -24*u - 1050. Suppose -6*r + 8 = -2*r. What are the prime factors of (2 - u) + -2 + -3 + r?
149
Suppose 5*z = 4*b - 664 + 157, b - 117 = -2*z. Suppose -4*d - 110 = d. Let l = d + b. What are the prime factors of l?
101
Suppose 4203 = 4*f - 5*c, 6*c + 3153 = 3*f + 2*c. Let g = -568 + f. What are the prime factors of g?
479
Suppose t - 1796 = 4*a, 7*t - 2*t = 3*a + 8946. List the prime factors of (20/(-15))/(2 - 3584/t).
2, 149
Suppose -1967504 = 498*r - 674*r. List the prime factors of r.
7, 1597
Suppose -14*d + 68 = -240. Suppose -9*y = d*y - 11532. List the prime factors of y.
2, 3, 31
Let y = -202 + -1043. Let g = y - -1924. What are the prime factors of g?
7, 97
Suppose 0 = 3*l - 5*v - 16, -3*v = -4*l + v + 16. Suppose l*d + 23 = 423. List the prime factors of d.
2, 5
Let s(l) = 3*l**2 - 21*l - 1070. List the prime factors of s(48).
2, 2417
Let d(w) = 13*w**2 - 41*w - 736. What are the prime factors of d(37)?
2, 29, 67
Let i = -111 - -235. Let n = 65 - i. Let x = -47 - n. What are the prime factors of x?
2, 3
Let a = -36 - -47. Let n = 8 - a. What are the prime factors of n/(-4) - 1833/(-52)?
2, 3
Suppose 5*s - 1375 = p, 4*p = s + p - 261. Suppose 4*z = c + 2*z - s, 4*c + 2*z = 1114. What are the prime factors of c?
2, 139
Let g(m) be the first derivative of m**4/4 - 2*m**3 + 9*m**2/2 + 4*m - 11. Let a be g(3). Suppose 0*o + a*o = 80. What are the prime factors of o?
2, 5
Let u(p) = 11*p - 4*p**2 + p**3 - 3*p**3 - 7*p**3 + 4*p**3 + 15 - 2*p**3. List the prime factors of u(-5).
3, 5, 7
Let m = 1156 - 1156. Let o(x) = -304*x - 5. Let j be o(-5). Suppose m = -12*g - 159 + j. What are the prime factors of g?
113
Let u be ((-88)/(-11) - 10)*(-326)/4. Let s = 159 + u. List the prime factors of s.
2, 7, 23
Suppose -918 = -5*q - d - 220, 0 = 4*q - 3*d - 547. Let w = q + 53. Suppose -b + 16 + 41 = 2*h, -3*b + h = -w. What are the prime factors of b?
3, 7
Let a = 75 + -120. Let r be -1 - 9/(a/20). List the prime factors of r*1*(-1062)/(-27).
2, 59
Suppose v = 1 + 1. Suppose 0 = 2*r - 4, p + v = 5*p - 3*r. Suppose -7*c + p*c = -395. What are the prime factors of c?
79
Suppose -270766 = 202*h - 4190980. What are the prime factors of h?
3, 6469
Let n(w) = 68*w**2 + 2*w + 8444. What are the prime factors of n(0)?
2, 2111
Suppose -17*w + 3*o = -18*w + 402, -2*o = 5*w - 2062. List the prime factors of w.
2, 3, 23
Suppose 31*i - 19*i - 768 = 0. Let l = i - -271. List the prime factors of l.
5, 67
Suppose 147*u = 154*u - 126. Suppose -u*x = -21*x + 3321. What are the prime factors of x?
3, 41
Let w(c) = -1777*c + 10490. What are the prime factors of w(-15)?
5, 17, 19, 23
Let k(o) be the second derivative of o**4/2 - o**3/3 + 27*o**2/2 - 2*o + 6. List the prime factors of k(-7).
5, 67
List the prime factors of ((-1413)/6)/((-12)/504).
3, 7, 157
What are the prime factors of 15 - 2547*2128/(-57)?
3, 10567
Let s = 17372 - 9705. Suppose 24*l = 7*l + s. List the prime factors of l.
11, 41
Let j = 107 + -110. Let o be (-1 + j/(-6))/(3/(-18)). Suppose -o*c + c = -378. What are the prime factors of c?
3, 7
Suppose 0 = 9*b - 26342 + 3410. List the prime factors of b.
2, 7, 13
Suppose 5*n = k - 50, -2*n - 3*n + 3*k - 40 = 0. Let a = n - -13. Suppose r = 2, -a*r - 314 = -5*w - 4*r. What are the prime factors of w?
2, 31
List the prime factors of (12 + -9)/((-30160)/10056 - 3*-1).
3, 419
Let r(f) = -f**3 - 9*f**2 - 25*f + 23. Let h be 9 - 8 - (7 - -3). What are the prime factors of r(h)?
2, 31
Let s = 51 + -47. Suppose -s*m + 26 = -2*r, 5*r + 0*r = -m - 10. Suppose 4*x = -m*z + 306, 3*z + 3*x - 185 = 2*x. List the prime factors of z.
2, 31
Let o(m) = -37*m**3 + 3*m**2 + 13*m + 5. Let v be o(-5). Let n = -3269 + v. List the prime factors of n.
3, 457
Suppose 361 = -5*h - k + 8962, 2*h - 3438 = -k. Suppose -3*f + 4*g = -h, 5*f - 3910 = 3*g - 1049. List the prime factors of f.
571
Suppose -14523190 = -197*n - 144*n. List the prime factors of n.
2, 5, 4259
Suppose -169*c + 164*c + 61807 = -3*i, 0 = 2*i - 12. What are the prime factors of c?
5, 2473
Suppose 37*h - 1288568 = -24*h - 424503. What are the prime factors of h?
5, 2833
Suppose 7*s - 3*s - 16 = 2*w, 5*s + 19 = -4*w. What are the prime factors of (618/(-12))/(3/w)?
103
Let f(l) = 2*l + 5. Let a = -50 - -50. Let x be f(a). List the prime factors of -5 - ((-393)/3 + x).
11
Let q(u) = -2267*u - 3738. List the prime factors of q(-4).
2, 5, 13, 41
Let h be (5 + 824 + 6)*4. Suppose 3*x - o = 2005, -7*x = -2*x - 2*o - h. List the prime factors of x.
2, 5, 67
Suppose -2*z + 93 = -435. Let q = 175 + -171. Suppose 0 = -d + 5*g + 50 + 57, 3*d = -q*g + z. List the prime factors of d.
2, 23
Suppose 2*f - 916 = 3*m, 90*m - 89*m = 0. What are the prime factors of f?
2, 229
Suppose -21*u + 169971 = -174408. What are the prime factors of u?
23, 31
Suppose 138*q - 397346 = 2459530. List the prime factors of q.
2, 11, 941
Let t = 11084 - 1073. What are the prime factors of t?
3, 47, 71
Suppose -15*k + 5*k = -40. Suppose -k*j = -12, 5*d - 4*j - 2355 = 1483. List the prime factors of d.
2, 5, 7, 11
Let u(w) = -8*w + 14. Let x be u(4). List the prime factors of 27*((-6)/x + 6).
3, 19
Let s(o) = -o**2 + 3*o + 3. Let d be s(0). Suppose 0 = -4*i + p + 183 + 422, -3*p = -d*i + 447. What are the prime factors of i?
2, 19
Suppose -3*w = -i - 5098, -12*i = -2*w - 8*i + 3412. List the prime factors of w.
2, 3, 283
Suppose -5*m + 192973 - 31723 = 5*s, -3*s - 5*m + 96736 = 0. What are the prime factors of s?
32257
List the prime factors of (133983/6 - -3)/(-19*(-12)/456).
3, 7, 709
Suppose 32*l = 26*l - 3012. Let w = l - -608. What are the prime factors of w?
2, 53
Suppose 3*n - p - 5380 = -5*p, 5*p + 5425 = 3*n. Suppose 72*r - 66*r - n = 0. List the prime factors of r.
2, 3, 5
Let u be 570/(-80) - -7 - 25/(-8). List the prime factors of u/2 - (-6)/(48/140).
19
Let x(q) = -657*q - 7265. List the prime factors of x(-30).
5, 19, 131
Suppose 6*s = -2*s. Let l be 0 + 4*1/(-8)*-6. Suppose 7*q - l*q - 544 = s. List the prime factors of q.
2, 17
Suppose -155*q + 4735 = -160*q. Let k = -120 - q. List the prime factors of k.
827
What are the prime factors of (131 + -133)/((-2)/3833)?
3833
Let g(r) = -r**3 - 105*r**2 - 171*r + 1497. What are the prime factors of g(-104)?
5, 1693
Let j be (1/(-3))/(-1)*501. Suppose 0 = 5*r - j + 52. Suppose -i = -r - 12. What are the prime factors of i?
5, 7
Let h(s) be the second derivative of -s**5/20 + 3*s**4/4 + 5*s**3/2 - 12*s**2 + 34*s. What are the prime factors of h(10)?
2, 13
Let h(c) = -c**2 - 11*c + 2. Let r be h(-11). Let f(i) = -356*i**2 + 359*i**r - 2 - 10*i - i. What are the prime factors of f(-6)?
2, 43
Suppose -126*y + 123*y - 5*r = -16702, 2*r = -3*y + 16714. What are the prime factors of y?
2, 3, 929
Let n(m) = 22*m**3 + m**2 - 4*m - 8. Let x be n(6). Suppose 8*g - x = -716. What are the prime factors of g?
5, 101
Let r(y) = 2*y**2 - 23*y + 13. Let s be r(11). Suppose -3*i + 7*i + 3